is -7 - (-5 - -3) - (-28 - -36)?
-13
34 + -2 - (18 - (-32 + 33))
15
Calculate -28 - (21 + 22 + -70).
-1
What is the value of 15 + -15 + -12 + (3 - -1)?
-8
-2 + -25 - (190 + -194)
-23
What is the value of -33 + 11 + 27 + -26?
-21
Calculate -18 + 1 - (72 + -93).
4
What is (-15 + 16 - -2) + -5?
-2
What is 16 + -1 + -11 + -2 + 28?
30
Evaluate (1 + -1 - -9) + -9 - -13.
13
What is the value of 8 - ((-66 - (-17 + -16)) + 0 + 5)?
36
Calculate 31 - 46 - (-3 - (0 - 5 - -9)).
-8
Calculate (4 + -6 - -4) + 3 - 4.
1
Calculate (-6 - (-17 + 6)) + 0 + -9.
-4
What is 22 + -7 - (8 - -4)?
3
Calculate (0 - 7) + (-6 - (3 - (2 - -4))).
-10
(-298 - -293) + (-2 - -20)
13
What is the value of -7 + -3 + (4 - 15 - -36)?
15
Evaluate (-74 - -40) + (-2 - -5 - -10).
-21
-1 + (-5 - ((12 - 9) + -3))
-6
What is the value of 8 + (7 - 7) + 0 - -1?
9
Calculate (6 - -3) + -4 + -4 + (-2 - -3).
2
What is -7 + -14 + 47 + -5 + 5?
26
Evaluate -9 - -1 - 3 - -18.
7
Calculate -6 + 7 - -1 - 0 - -7.
9
What is 8 + -3 + -22 - -27?
10
What is 9 - 1 - (-71 + 18 + 35)?
26
Calculate 2 + 2 + -7 + 7 + -2 + -3.
-1
-2 - (-7 + (-1 - -2) + (-1 - -12))
-7
4 + 14 + -23 + 15
10
Calculate -24 + 28 + (2 - -20) - 5.
21
Evaluate (13 - 9) + 1 + -1.
4
Evaluate 12 + (-7 - -4) + -20 + 16 + -32.
-27
(-103 - -112) + (-1 - 8) + -3 + -1
-4
-5 + -5 + 24 + -10 - 12 - -7
-1
Evaluate 159 + -149 - (0 + 1 + 14).
-5
What is the value of -26 - (0 + -6 + 4 + -11)?
-13
Evaluate -8 - (-28 + 38 + -40).
22
What is -344 - -347 - (2 - -1)?
0
What is (-9 - 1) + 4 - 6 - (-5 + -1)?
-6
Calculate 26 + -3 + -170 + 132.
-15
What is 0 - -2 - (-12 - -12) - 1?
1
Evaluate 10 + (18 - 22) + 14.
20
What is -628 - -631 - ((-8 - -8) + (0 - -7))?
-4
Evaluate (-1 - -17) + -1143 + 1162.
35
What is the value of 10 - 8 - (-11 - (-2 + -5))?
6
Calculate (-1 - 13) + (-2934 - -2959).
11
Calculate 14 + (9 + (-19 - -11) - 12).
3
What is 3 + 7 - (-1 - (-5 + 2))?
8
What is the value of 22 - (23 - 2 - 7)?
8
Evaluate (0 - 0) + (59 - (-61 - -117)).
3
What is the value of 5 + 16 + (-28 - -8)?
1
Calculate 7 - (-13 + (5 - -3)).
12
Calculate -24 - (8 - 20 - 22).
10
What is 8 + 0 - (73 + -82)?
17
Evaluate -21 + 1 + 299 + -273.
6
Calculate -22 + 13 - -22 - 21.
-8
-18 + (-16 - (11 - -8)) - -13
-40
2 - (3 + -4 + (5 - (-4 - -5)))
-1
What is the value of 1 + -2 + -5 + (-71 - -75)?
-2
8 + -4 - (2 + -3) - 26 - -8
-13
What is the value of (-3 - 31) + (146 - 124)?
-12
Evaluate -28 - -4 - ((6 - (-8 - -14)) + 3).
-27
Calculate 116 + -127 - (11 + 5 + -8 - 2).
-17
What is -16 - (-10 - (-25 - -10)) - (-1 + -4)?
-16
Calculate (-5 - -7 - -2) + -8 + 2 - 10.
-12
(1 - (5 + -1 + -9)) + -4 + 4
6
Evaluate -19 - (8 - (14 - (-9 + 5))).
-9
What is -4 - -12 - (3 + -6 + -4 - 0)?
15
0 + -11 + 38 + (16 - 32)
11
Calculate (-4 + 1 - 1) + (-8 + 3 - -8).
-1
What is -2 + 12 - (-2 + 10 - (-7 - -12))?
7
Calculate -3 + 3 + 20 - (50 - 38).
8
Evaluate 40 + -37 - ((-2 - -2) + -5 + 17).
-9
Evaluate 5 + 7 + (2 - 5) - (-5 + 11).
3
Calculate -13 + -1 - (-4 + (4 - 2)).
-12
-43 + 17 + 10 - (-34 - 1)
19
Calculate 9 + (6 - ((4 + -8 - -7) + 2)).
10
-16 + 39 + -17 - (1 + -1 + 10)
-4
5 - (7 - 0 - 0) - (1 - 19)
16
What is the value of -17 + 18 + (-2 - 1) + 4?
2
Calculate (12 - 5) + 13 + -8.
12
Calculate -9 - -3 - (-14 + -5 - (0 + -1)).
12
Evaluate -19 - (-14 + -3) - (2 - -4).
-8
What is (15 - 16) + 7 - ((-9 - -5) + 24)?
-14
Evaluate 24 + (-2 - (36 + -34)).
20
Evaluate 3 + 3 + 8 + -13 + 14.
15
Calculate 1 + (-12 - 1 - -16) + -11.
-7
-16 - -4 - (0 + -9) - -5
2
Evaluate -10 + -4 + 28 + -22.
-8
(6 + -5 - -25) + -30
-4
Calculate (5 - 1) + -4 - 3 - (-5 - -5).
-3
(-7 - -11) + -5 + 3 + 6 + -6
2
0 + (-11 - 0) + (-44 - (-17 + -22))
-16
What is the value of (-2 - 4) + 21 + (5 - 9)?
11
-8 - (-1 + 1 + 13) - -12
-9
Evaluate 28 + -23 - (3 + 16).
-14
Evaluate 3 + 8 - 6 - -8 - 6.
7
3 + 5 + 1 + 3 + -9 + -3
0
55 - 74 - (1 + (0 - 0))
-20
Evaluate -10 + (131 + -124 - (0 - 0)).
-3
What is (-24 - -43) + 7 - 9?
17
What is -8 - (20 - (20 - 16)) - -12?
-12
Evaluate -24 + 54 + 7 + -30.
7
What is -12 + 9 - (7 + -5 - 9)?
4
What is -3 - (9 + 11) - -4 - (1 + 1)?
-21
What is the value of -4 + (-9 - -14) + 6 - -6?
13
-18 + 18 + (-13 - -12)
-1
(3 + 9 - 6) + 6
12
-4 + (12 + 15 - (1 + (2 - 3)))
23
What is 6 + (2 + 0 - (-45 + 48)) + 6?
11
What is the value of 22 + (22 - 26 - -5)?
23
What is the value of -49 + 41 - (-6 - 2)?
0
What is 18 - ((-3 - 14) + 17)?
18
-7 + (10 - (-8 - (1 - 3)))
9
Evaluate -6 + 2 - -1 - (10 + -9).
-4
Calculate -10 + 39 + -16 + 1 - 0.
14
Calculate (-20 + -7 - 11) + 14.
-24
Evaluate (23 - -5) + (-5 - 27).
-4
Evaluate -25 - (39 + -97 + 42).
-9
Calculate 3 + (1 - 7) + -3 + -6.
-12
2 - -4 - (-7 - -15) - (1 + 5)
-8
What is the value of 1 - -9 - (-124 - -127)?
7
What is 0 + 2 - 5 - (-1 - (22 - 9))?
11
What is the value of (-6 - ((-2 - -1) + 1)) + 4?
-2
What is the value of -38 - (3 + -3 + -30)?
-8
Evaluate 8 - (23 - (-14 - -41)).
12
Calculate 7 + 1 - (7 + 22 + -20).
-1
What is the value of -20 - (-25 + 6) - 14?
-15
23 + -18 - (4 - 0 - -4)
-3
Evaluate 6 - -1 - (678 - 653).
-18
(29 - -19) + 7 + -30
25
Evaluate -14 + 11 + (-1 - -2) - (10 - 6).
-6
What is the value of -14 + (-20 + 55 - 21)?
0
Evaluate (9 - (-5 + 17)) + 19.
16
5 + 1 - (12 - (9 + (-3 - 13)))
-13
What is the value of (393 - 434) + 0 + 32?
-9
(0 - (-2 + 5)) + (445 - 420)
22
Calculate (21 - 5) + 11 + -19.
8
Evaluate 14 - (4 - (2 + -5 - 1)).
6
Evaluate (-25 - (-20 - 5)) + 7 + -1 + 1.
7
What is the value of (8 - 4 - 17) + -4?
-17
Calculate -6 - (-14 + 30 + -2).
-20
Calculate (-10 - 5) + 39 + -23.
1
(2 - 0 - (34 - 44)) + 1 + 1
14
19 - (1 - (0 + -14 + 4 + 15))
23
What is the value of -25 + 0 - (-140 + 124) - (0 + 4)?
-13
Evaluate -11 + (-37 + 63 - 8).
7
12 - (13 + -25 + 27)
-3
12 + (-10 - -11) + -4 + -28
-19
What is -3 + (-9 - -17) + 7?
12
Evaluate -3 - (-3 + (5 - 3)).
-2
10 + (14 + -8 - 29)
-13
What is ((27 - 27) + (1 - 4) - 8) + 33?
22
Evaluate 4 + (-9 - 8) + (6 + -2 - 6).
-15
What is the value of 20 - (-10 + 2 + (-8 - -4) + 12)?
20
What is (-2 - (2 + -7)) + 13 + -2?
14
20 - 23 - (-5 + 12)
-10
Evaluate -12 + 18 - (2 - 5).
9
Evaluate 7 - (-4 + -10 + 38).
-17
What is the value of -22 - (19 + -23 - (2 - 0))?
-16
What is (13 - (-1 + 20 + -15)) + -29 + -2?
-22
What is 2 + -42 - (-44 + 11)?
-7
What is (-34 - -27) + 19 + -5 + (-6 - 1)?
0
16 + (-6 - -3) + -8 - (5 + 1)
-1
(5 - -30) + -19 - (39 - 13)
-10
Calculate -4 + 10 + -14 + (-7 - (-8 - -1)).
-8
What is 16 - (-16 + 6 + 20 + -8)?
14
What is the value of 30 - ((4 + (4 - 2) - 0) + 1)?
23
Evaluate -7 + (-11 + 6 - -17) + -10.
-5
-3 + (-4 - -2) - (9 - 10)
-4
What is the value of 134 - 148 - (-7 + 0)?
-7
What is the value of -11 + 21 - (-5 + 1)?
14
Calculate -6 - (-2 - -1) - (-160 - -167).
-12
4 - (-16 + (8 - (2 + 5 - 3)))
16
What is the value of 14 - (11 - -24 - (4 - 0))?
-17
What is -2 - ((339 - 315) + -1 + -12)?
-13
What is the value of 8 + (5 - (36 + (-2 - 3)))?
-18
-1 + 4 - (-2 + (17 - (10 + -2)))
-4
What is -12 - 3 - (33 - 24)?
-24
Evaluate (1 - 3) + -356 + 346.
-12
What is 2 + -1 - (-510 + 529)?
-18
(-11 - -11) + (8 - 15)
-7
-4 + 4 + -5 + -5 + 11 - 5
-4
What is -40 + (22 - (-9 - -4))?
-13
(-12 - (-16 + 23 + -8)) + 0 + 4
-7
Calculate 239 + -237 + 5 + 0.
7
What is -4 - (8 + (0 - -12) + -2)?
-22
What is the value of (62 - 60) + (-1 - -3) + -6?
-2
-4 - -5 - (2 + -2 - 4 - 13)
18
0 - (7 - 6) - (14 - 12)
-3
-17 - ((-17 - -26) + (-4 - (-7 + 4)))
-25
(-11 - 0) + (50 - 17 - 30)
-8
What is the value of 10 + -12 + -6 - -21?
13
What is -9 + 5 + (45 - 48 - (12 - -1))?
-20
What is the value of -11 - -4 - -6 - 10?
-11
Calculate -107 + 113 + -18 + -1 + 0 + 5.
-8
What is the value of 6 - 9 - (9 - 4 - (0 + -1))?
-9
What is -11 - ((3 - 4) + -5)?
-5
1 - 5 - 0 - (20 - 9)
-15
Calculate 3 - (-17 + (22 - 8)).
6
Evaluate -24 + (-25 - -8) + 38.
-3
2 - (2 - -6) - (-6 - 3 - -4)
-1
Calculate -5 + (18 - (8 - (4 + 10))) - 7.
12
What is -10 - -7 - (-10 + -4) - (-10 - -8)?
13
26 - (-5 - -14) - 9
8
12 + (28 - 30) + -1 + 7
16
Evaluate -14 - (-4 - (2 - -3) - 1) - -6.
2
Calculate -15 + (-15 - -57 - 17).
10
What is (-5 + 5 + 1 - -2) + (0 - -4)?
7
What is -5 + 12 + 2 - 13?
-4
Evaluate (-3 - (9 - -3)) + 17.
2
Evaluate 5 + 2 + 7 + -5 + 22 + -19.
12
Calculate 1 + 3 - ((-1 - -1) + 20 + -15).
-1
What is (-62 - -82) + (-5 - 6)?
9
What is (19 - (8 - -8)) + 7?
10
-2 + 7 + (4 + 1 -